s the greatest common divisor of u and f?
16
Suppose 109 = 6*k - 419. Calculate the highest common divisor of 8 and k.
8
Let o = 103 + -29. What is the greatest common factor of o and 185?
37
Let q(v) = -15*v - 6 + v - v. Let k be q(-10). Calculate the greatest common divisor of 18 and k.
18
Let u = -9 - -22. What is the highest common divisor of u and 91?
13
Suppose 5*c - 3*v = 708, -171 - 413 = -4*c - 2*v. What is the highest common divisor of c and 36?
36
Let n(v) = 69*v**2 - 3*v - 2. Let q be n(-1). What is the greatest common divisor of q and 10?
10
Let q = -18 + 34. Let y(g) = 4*g + 8. Let v be y(6). What is the highest common divisor of q and v?
16
Let v = 3 - 1. Let p be (-1)/(-7) - 34/(-7). What is the highest common divisor of v and p?
1
Let u(z) = z - 3. Let h be u(6). Suppose 4*o = -2*i + 56, o + 10 = 6*o. What is the highest common divisor of h and i?
3
Suppose 16 = 4*k + z, 0 = k - 4*z + z + 9. Suppose 27 = -0*g + k*g. Let r = 11 - 5. Calculate the highest common divisor of g and r.
3
Let r(t) = t**2 - t. Let g(f) = 3*f**2 + 2*f + 2. Let s(j) = g(j) - 2*r(j). Let u be s(-6). What is the greatest common divisor of 21 and u?
7
Suppose -10*q + 9*q = -580. Suppose -2*a + q = 202. Calculate the highest common factor of a and 27.
27
Suppose -15 = -3*h - 5*b, 2*b = h + h + 6. Let d be (-1 + -11)/((-1)/33). Suppose -5*z + z + d = h. What is the highest common factor of 9 and z?
9
Let a = -31 + 33. What is the highest common divisor of 4 and a?
2
Suppose 5*g - 400 = -3*p - 0*g, -5*g = -4*p + 475. Calculate the highest common divisor of 50 and p.
25
Let v = -104 - -229. What is the highest common divisor of 5 and v?
5
Let q(m) be the second derivative of 5*m**3/6 - 3*m**2 + 6*m. Let j be q(4). What is the highest common divisor of j and 14?
14
Let p be 1/(1 + (-2)/4). Suppose -3*v = p - 17. Suppose -23*b + 246 + 559 = 0. Calculate the highest common factor of b and v.
5
Let r = -9 - -9. Suppose 72 + r = 4*k. Let j(g) = g**3 + 2*g - 3. Let p be j(2). What is the greatest common divisor of k and p?
9
Let c = -3 - -12. Suppose -11 + 41 = 5*y. Calculate the highest common divisor of c and y.
3
Let b be (-605)/(-3)*9/(-3). Let u = 394 + b. Let l = 371 + u. Calculate the highest common divisor of 20 and l.
20
Let y be 1*(0 + 2) + 3. Suppose -2*a - 8 = -2*r - 2*r, -2*a = -y*r + 9. Calculate the greatest common divisor of 1 and r.
1
Let d(m) = m - 6. Let x be d(8). Suppose -h + 0*w = 4*w - 57, -3*w + 139 = x*h. What is the greatest common factor of 7 and h?
7
Suppose -4*n - 128 = -c + 76, 3*n - 4*c = -166. Let q = n + 114. What is the highest common factor of 8 and q?
8
Let i = 2 - -3. Suppose -3*q = -6, -q - 26 = i*n - 238. Calculate the greatest common divisor of 28 and n.
14
Let r = 53 + -29. Calculate the highest common factor of r and 3.
3
Let q be (0 + -4)*(-4)/8. Suppose c - 74 = -4*a + 2*a, -3*a + 97 = -q*c. Let j = a + 31. Calculate the highest common divisor of j and 6.
6
Let h be (1/2)/(3/138). Suppose -4*n = -37 - h. Calculate the greatest common divisor of 5 and n.
5
Let m = -73 + 111. What is the greatest common factor of m and 190?
38
Let c be (-10)/(-4)*(-16)/(-10). Suppose 3*k - 10 = 29. Suppose 23 + k = c*u. Calculate the greatest common factor of 72 and u.
9
Let r be 6/8 - (-744)/32. What is the greatest common factor of r and 6?
6
Let d be (-120)/(-18)*(-156)/(-5). Suppose 0 = -4*c + d + 32. What is the greatest common factor of 24 and c?
12
Let v = 500 - 236. What is the highest common divisor of v and 33?
33
Suppose i = h - 0*i - 71, 2*i - 59 = -h. Let f be h/4 - (-9)/(-12). Let u = -1 + f. Calculate the greatest common factor of u and 135.
15
Let z(u) = 41*u**2 - 3*u + 2. Let a be z(1). What is the greatest common factor of 140 and a?
20
Suppose -3*m + 2*f - 93 = 0, 21 = -2*m + 5*f - 41. Let x = 131 - m. What is the highest common factor of 18 and x?
18
Let g = -26 - -46. Calculate the highest common divisor of g and 160.
20
Let b be 2 - 1 - 100*-4. Suppose -1 = 5*j - b. What is the greatest common factor of j and 20?
20
Suppose -t - t = 4*i - 12, -t + 3*i + 6 = 0. Let j be 4/2 - (0 + t). Let r be (114/(-9))/(j/30). Calculate the highest common divisor of r and 38.
19
Suppose 0 = -3*w + 9, 2*m - 2*w = 3*m - 147. Let v = m - -2. What is the highest common divisor of 13 and v?
13
Let h(c) = -8*c - 83. Let l be h(-13). What is the greatest common factor of l and 336?
21
Let t = 4 + -1. Let r = -5 + 14. Suppose 2*q - 3 - r = 0. Calculate the highest common divisor of q and t.
3
Let y(r) = r**3 + 2*r**2 - 8*r + 7. Let g be y(5). Suppose b + 167 = 6*n - n, -4*n = -5*b - g. Calculate the highest common factor of n and 3.
3
Let v be (11 + -1 - 1) + 0. Let j be (2 - (-4 + 3)) + v. Let y = j - 4. Calculate the greatest common factor of y and 1.
1
Let z = 91 - -54. Suppose 0 = -5*u + 105 + z. What is the highest common divisor of 10 and u?
10
Suppose 2*w - 1 = 5. Suppose 0 = -w*a - a - f + 41, 2*a + 3*f = 33. Let u be -1 + a - 2*-1. What is the greatest common factor of 25 and u?
5
Let b be ((-1)/2)/((-3)/42). Suppose -5*p = -z - 143, 3*p - 35 - 46 = -z. What is the highest common divisor of b and p?
7
Let r(l) = 5*l - 1. Let t be r(1). Suppose -3*a - 4*s + t + 58 = 0, 39 = a + 5*s. What is the greatest common factor of a and 42?
14
Suppose -2*m - 3*o + 5*o = -12, 0 = m + o. Suppose t + m*k - 5 = 0, 2*t + 5*k = 4 + 6. Calculate the greatest common divisor of t and 35.
5
Suppose -4*i + 111 = 15. Let f(u) = 8*u. Let o be f(2). What is the highest common divisor of o and i?
8
Let d = -65 + 117. What is the greatest common divisor of d and 13?
13
Let f = 144 + 213. Let g be (-6)/(-10) - f/(-5). Calculate the highest common divisor of g and 8.
8
Suppose 19*s - 42 = 12*s. What is the greatest common factor of s and 9?
3
Suppose -110 = -10*d + 10. Suppose -336 = -0*z - 4*z - 4*y, 420 = 5*z - 3*y. Calculate the greatest common divisor of d and z.
12
Suppose -3*h - 33 = -2*h. Suppose 185 = 6*x - 223. Let u = x + h. Calculate the greatest common divisor of u and 14.
7
Suppose -t + 0 = -5. Suppose t*r - 53 - 7 = 0. Let x(v) = 15*v**2 + v. Let a be x(-3). What is the highest common divisor of r and a?
12
Let l(o) = 15*o**3 + o. Let a be l(1). What is the greatest common divisor of 8 and a?
8
Let n = 17 + -12. Suppose 2*o - 17 = -0*o - 5*p, 2*o + 2*p - 2 = 0. Let m be ((-2)/(-4))/((-2)/o). What is the greatest common factor of n and m?
1
Suppose 0 = -3*j + 5*l - 23, 4*j - 2*l + l + 8 = 0. Let r be 130*(-4)/(-8) - j. Calculate the highest common factor of r and 6.
6
Let g be (-30)/(52/16 + -4). Suppose 3*i = 5 + 10. Calculate the highest common factor of i and g.
5
Let u(b) = -b**3 - 2 - 3*b**2 + 6 + 9*b**2. Let n be u(6). Suppose -5*k - 2*j - 3*j = -5, 2*k - 26 = n*j. What is the greatest common factor of 55 and k?
5
Let k(o) = o**2 + 3. Let f be k(3). Let i = 4 + f. Calculate the highest common factor of 8 and i.
8
Let u(q) = -q + 33. Let s be u(15). Calculate the greatest common divisor of 234 and s.
18
Suppose -4*v + 2*s + 214 = 0, 0 - 5 = -s. What is the highest common divisor of v and 84?
28
Suppose 4*w = -2*m - 68, -m + 5*w - 9 = -3. Let b = 30 + m. What is the greatest common divisor of 12 and b?
4
Suppose -f - 5*t - 7 = -0*f, f - t = -7. Let k be ((-30)/f)/(2/14). What is the highest common divisor of k and 12?
6
Let c(l) = l**2 + 2*l + 2. Let u be c(-3). Let d = u - -7. Calculate the greatest common divisor of d and 96.
12
Suppose 165 = -4*y + 773. Calculate the greatest common factor of y and 19.
19
Let n(b) = -2*b**3 - 5*b**2 + b - 5. Let d be n(-5). Suppose -6*i + i = -d. Let q be i - (2 + 0 + -1). Calculate the highest common factor of q and 11.
11
Let g be 2/10 - 5/25. Suppose g*m + m - 84 = 0. Calculate the highest common divisor of m and 12.
12
Let g = -162 + 178. What is the greatest common factor of g and 12?
4
Let g(d) = 4*d - 3*d + 3*d - 2*d + 8. Let s be g(8). What is the highest common factor of s and 16?
8
Let p = 40 - 28. Calculate the greatest common factor of 108 and p.
12
Suppose u + 0*u = 15. Let r(f) = -f**2 + 8*f - 7. Let g be r(6). Suppose m - 47 = -g*s, 2*s + 3*m = -2*m + 5. Calculate the highest common divisor of s and u.
5
Let f be 0*1/4 + 26. What is the highest common factor of f and 182?
26
Let l be (2 - -2